composite number?
True
Is 70753 a composite number?
False
Is 187735 composite?
True
Is 1559 composite?
False
Is 89791 a prime number?
False
Is 31282 a prime number?
False
Is 126337 composite?
False
Is 31631 composite?
True
Is 28993 a composite number?
True
Is 525587 a prime number?
False
Is 62461 composite?
True
Is 81815 composite?
True
Is 20201 composite?
False
Is 194333 a prime number?
False
Is 391015 prime?
False
Is 29119 prime?
False
Is 693635 composite?
True
Is 64871 a composite number?
False
Is 345041 prime?
True
Is 492551 a prime number?
True
Is 11027 composite?
False
Is 577 composite?
False
Is 660013 composite?
False
Is 24997 composite?
True
Is 1973 a composite number?
False
Is 2018 composite?
True
Is 121153 a prime number?
False
Is 236549 a composite number?
False
Is 525839 a prime number?
True
Is 33047 a composite number?
True
Is 1733 a composite number?
False
Is 98639 a composite number?
False
Is 2199 prime?
False
Is 64301 composite?
False
Is 28043 a prime number?
False
Is 477209 prime?
True
Is 116519 composite?
True
Is 35863 a composite number?
False
Is 39441 a composite number?
True
Is 7393 composite?
False
Is 25889 a prime number?
True
Is 64859 composite?
True
Is 25073 a composite number?
False
Is 126307 composite?
False
Is 176141 a composite number?
True
Is 3505 composite?
True
Is 45995 composite?
True
Is 1853 prime?
False
Is 403241 composite?
False
Is 34631 a composite number?
False
Is 125126 a prime number?
False
Is 15815 a composite number?
True
Is 5111 composite?
True
Is 2285 prime?
False
Is 5749 composite?
False
Is 12569 composite?
False
Is 487789 a composite number?
False
Is 72829 prime?
False
Is 86401 prime?
False
Is 58654 a composite number?
True
Is 44081 a composite number?
True
Is 6173 composite?
False
Is 16301 a prime number?
True
Is 167149 a prime number?
True
Is 243811 a prime number?
False
Is 100447 a composite number?
False
Is 21557 composite?
False
Is 835949 a composite number?
True
Is 69991 a composite number?
False
Is 43723 prime?
False
Is 2138623 a composite number?
False
Is 750917 a composite number?
False
Is 28139 a prime number?
False
Is 2181 a prime number?
False
Is 44927 a composite number?
False
Is 161969 a prime number?
True
Is 943 composite?
True
Is 10007 a prime number?
True
Is 52529 a composite number?
False
Is 14689 prime?
False
Is 137681 prime?
False
Is 248581 prime?
False
Is 44377 a composite number?
True
Is 7394 composite?
True
Is 111427 a prime number?
True
Is 6209 a prime number?
False
Is 18137 a prime number?
False
Is 376691 prime?
False
Is 61879 a composite number?
False
Is 22429 prime?
False
Is 501899 a composite number?
True
Is 6353 a prime number?
True
Is 98521 a composite number?
True
Is 3449 composite?
False
Is 198087 a composite number?
True
Is 387331 a prime number?
False
Is 8147 a composite number?
False
Is 285967 a prime number?
False
Is 89221 a composite number?
True
Is 104623 composite?
False
Is 258433 a composite number?
True
Is 51679 prime?
True
Is 738071 prime?
True
Is 145183 prime?
False
Is 209917 composite?
False
Is 158863 a composite number?
False
Is 25503 a prime number?
False
Is 72587 composite?
True
Is 39971 a prime number?
True
Is 7891 a prime number?
False
Is 18329 a composite number?
False
Is 277003 a prime number?
True
Is 11987 prime?
True
Is 48091 prime?
True
Is 1562159 composite?
False
Is 41771 prime?
True
Is 10937 a prime number?
True
Is 3271 composite?
False
Is 2877727 a composite number?
True
Is 126619 prime?
False
Is 108623 composite?
True
Is 11369 prime?
True
Is 49319 composite?
True
Is 1990561 a prime number?
False
Is 251 prime?
True
Is 11569 a prime number?
False
Is 8902 composite?
True
Is 92737 a prime number?
True
Is 95983 prime?
False
Is 5923 composite?
False
Is 6581 prime?
True
Is 6113 a prime number?
True
Is 4861 a composite number?
False
Is 1602817 prime?
True
Is 333581 composite?
False
Is 499769 composite?
True
Is 1727 prime?
False
Is 85679 a prime number?
False
Is 12779 composite?
True
Is 2516491 a prime number?
True
Is 335 a composite number?
True
Is 28513 a composite number?
False
Is 152161 a prime number?
False
Is 88951 composite?
False
Is 19813 a prime number?
True
Is 91883 prime?
False
Is 48947 a composite number?
False
Is 137359 prime?
True
Is 31307 a composite number?
False
Is 33703 a composite number?
False
Is 5053 prime?
False
Is 1001977 prime?
True
Is 11391 a composite number?
True
Is 446 composite?
True
Is 6887 prime?
False
Is 2971 composite?
False
Is 12097 composite?
False
Is 129949 composite?
True
Is 206977 a composite number?
True
Is 189797 a composite number?
False
Is 6469 prime?
True
Is 1248631 a composite number?
False
Is 2174 a prime number?
False
Is 283979 a composite number?
False
Is 7433093 composite?
False
Is 2659 prime?
True
Is 92623 a composite number?
False
Is 2769697 a composite number?
True
Is 30881 composite?
False
Is 1089863 composite?
False
Is 196499 prime?
True
Is 17467 prime?
True
Is 35339 a composite number?
False
Is 176097 prime?
False
Is 1132853 a composite number?
True
Is 411098 prime?
False
Is 2980391 a composite number?
False
Is 140263 a composite number?
False
Is 202079 a prime number?
False
Is 292639 composite?
True
Is 65321 composite?
True
Is 377171 composite?
False
Is 225499 a prime number?
True
Is 3687 composite?
True
Is 251123 composite?
True
Is 32779 a composite number?
False
Is 1824481 prime?
True
Is 12841 a prime number?
True
Is 442939 composite?
True
Is 88409 prime?
False
Is 2532811 prime?
False
Is 129461 a prime number?
True
Is 905153 prime?
False
Is 146191 a prime number?
True
Is 8059 composite?
False
Is 1056709 a prime number?
False
Is 4201 composite?
False
Is 43294 composite?
True
Is 4009 composite?
True
Is 20477 composite?
False
Is 5599 prime?
False
Is 287491 a composite number?
False
Is 1387415 composite?
True
Is 13835 a prime number?
False
Is 5185729 prime?
True
Is 2953 composite?
False
Is 9467 a prime number?
True
Is 20297 prime?
True
Is 98827 prime?
False
Is 20065 a prime number?
False
Is 51967 composite?
True
Is 5998 a prime number?
False
Is 631 prime?
True
Is 3487 prime?
False
Is 308899 composite?
False
Is 28537 a prime number?
True
Is 24749 a composite number?
False
Is 121523 composite?
False
Is 1596115 a composite number?
True
Is 352249 prime?
True
Is 96127 composite?
True
Is 394433 a composite number?
True
Is 2046043 a composite number?
False
Is 74773 a composite number?
True
Is 552491 composite?
False
Is 143909 prime?
True
Is 12157 prime?
True
Is 202921 a prime number?
True
Is 1538 composite?
True
Is 301115 a prime number?
False
Is 987017 a prime number?
False
Is 258719 composite?
True
Is 898397 a composite number?
True
Is 9587 composite?
False
Is 862319 a prime number?
True
Is 9897 prime?
False
Is 430487 a prime number?
True
Is 22181 prime?
False
Is 35251 a prime number?
True
Is 10405 composite?
True
Is 1987 composite?
False
Is 61027 a prime number?
True
Is 17399 a prime number?
False
Is 12739 composite?
False
Is 7661155 composite?
True
Is 15277 a composite number?
False
Is 253 a prime number?
False
Is 6333 a prime number?
False
Is 14699 a composite number?
False
Is 1209997 composite?
True
Is 74839 a prime number?
False
Is 6403 a prime number?
False
Is 3433 a composite number?
False
Is 13639 composite?
True
Is 79349 a prime number?
True
Is 169021 prime?
False
Is 1333 a prime number?
False
Is 1199051 a composite number?
True
Is 4843 prime?
False
Is 54427 composite?
True
Is 246803 a prime number?
True
Is 228731 a composite number?
False
Is 156569 a prime number?
False
Is 144641 composite?
True
Is 242863 prime?
True
Is 370057 a composite number?
False
Is 2343901 a composite number?
True
Is 142657 prime?
True
Is 79133 prime?
True
Is 586783 a composite number?
True
Is 6927 a prime number?
False
Is 1661585 a composite number?
True
Is 27767 composite?
False
Is 1959 a prime number?
False
Is 12451 prime?
True
Is 4227 a composite number?
True
Is 4271 composite?
False
Is 79861 prime?
True
Is 310397 composite?
False
Is 310423 prime?
True
Is 5592343 a prime number?
True
Is 12053 a composite number?
True
Is 244583 a composite number?
False
Is 17833 a composite number?
True
Is 217667 composite?
False
Is 104131 a prime number?
False
Is 5147 prime?
True
Is 40569 a prime number?
False
Is 1164899 a prim